{"id":3303,"date":"2024-09-12T17:52:39","date_gmt":"2024-09-12T17:52:39","guid":{"rendered":"http:\/\/172.16.0.156\/?page_id=3303"},"modified":"2025-04-09T16:16:02","modified_gmt":"2025-04-09T16:16:02","slug":"premio-desafio","status":"publish","type":"page","link":"https:\/\/www.snoticias.co.mz\/?page_id=3303","title":{"rendered":"Pr\u00e9mio Desafio"},"content":{"rendered":"\t\t<div data-elementor-type=\"wp-page\" data-elementor-id=\"3303\" class=\"elementor elementor-3303\" data-elementor-settings=\"[]\">\n\t\t\t\t\t\t<div class=\"elementor-inner\">\n\t\t\t\t\t\t\t<div class=\"elementor-section-wrap\">\n\t\t\t\t\t\t\t<section class=\"elementor-section elementor-top-section elementor-element elementor-element-087c898 elementor-section-boxed elementor-section-height-default elementor-section-height-default\" data-id=\"087c898\" data-element_type=\"section\">\n\t\t\t\t\t\t<div class=\"elementor-container elementor-column-gap-default\">\n\t\t\t\t\t\t\t<div class=\"elementor-row\">\n\t\t\t\t\t<div class=\"elementor-column elementor-col-100 elementor-top-column elementor-element elementor-element-9ea43b9\" data-id=\"9ea43b9\" data-element_type=\"column\" data-settings=\"{&quot;background_background&quot;:&quot;classic&quot;}\">\n\t\t\t<div class=\"elementor-column-wrap elementor-element-populated\">\n\t\t\t\t\t\t\t<div class=\"elementor-widget-wrap\">\n\t\t\t\t\t\t<section class=\"elementor-section elementor-inner-section elementor-element elementor-element-3d418f8 elementor-section-boxed elementor-section-height-default elementor-section-height-default\" data-id=\"3d418f8\" data-element_type=\"section\">\n\t\t\t\t\t\t<div class=\"elementor-container elementor-column-gap-default\">\n\t\t\t\t\t\t\t<div class=\"elementor-row\">\n\t\t\t\t\t<div class=\"elementor-column elementor-col-50 elementor-inner-column elementor-element elementor-element-4c6bba7 skew-shap\" data-id=\"4c6bba7\" data-element_type=\"column\">\n\t\t\t<div class=\"elementor-column-wrap elementor-element-populated\">\n\t\t\t\t\t\t\t<div class=\"elementor-widget-wrap\">\n\t\t\t\t\t\t<div class=\"elementor-element elementor-element-d9082b8 elementor-hidden-tablet elementor-hidden-phone elementor-widget elementor-widget-image\" data-id=\"d9082b8\" data-element_type=\"widget\" data-widget_type=\"image.default\">\n\t\t\t\t<div class=\"elementor-widget-container\">\n\t\t\t\t\t\t\t\t<div class=\"elementor-image\">\n\t\t\t\t\t\t\t\t\t\t\t\t<img loading=\"lazy\" decoding=\"async\" width=\"800\" height=\"534\" src=\"https:\/\/www.snoticias.co.mz\/wp-content\/uploads\/2024\/09\/DSCF0121-1024x683-1.jpg\" class=\"attachment-large size-large\" alt=\"\" srcset=\"https:\/\/www.snoticias.co.mz\/wp-content\/uploads\/2024\/09\/DSCF0121-1024x683-1.jpg 1024w, https:\/\/www.snoticias.co.mz\/wp-content\/uploads\/2024\/09\/DSCF0121-1024x683-1-300x200.jpg 300w, https:\/\/www.snoticias.co.mz\/wp-content\/uploads\/2024\/09\/DSCF0121-1024x683-1-768x512.jpg 768w\" sizes=\"(max-width: 800px) 100vw, 800px\" \/>\t\t\t\t\t\t\t\t\t\t\t\t\t\t<\/div>\n\t\t\t\t\t\t<\/div>\n\t\t\t\t<\/div>\n\t\t\t\t\t\t<\/div>\n\t\t\t\t\t<\/div>\n\t\t<\/div>\n\t\t\t\t<div class=\"elementor-column elementor-col-50 elementor-inner-column elementor-element elementor-element-d043aaf\" data-id=\"d043aaf\" data-element_type=\"column\">\n\t\t\t<div class=\"elementor-column-wrap elementor-element-populated\">\n\t\t\t\t\t\t\t<div class=\"elementor-widget-wrap\">\n\t\t\t\t\t\t<div class=\"elementor-element elementor-element-3395e6d elementor-widget elementor-widget-image\" data-id=\"3395e6d\" data-element_type=\"widget\" data-widget_type=\"image.default\">\n\t\t\t\t<div class=\"elementor-widget-container\">\n\t\t\t\t\t\t\t\t<div class=\"elementor-image\">\n\t\t\t\t\t\t\t\t\t\t\t\t<img loading=\"lazy\" decoding=\"async\" width=\"800\" height=\"624\" src=\"https:\/\/www.snoticias.co.mz\/wp-content\/uploads\/2024\/09\/PREMIO-1.jpg\" class=\"attachment-large size-large\" alt=\"\" srcset=\"https:\/\/www.snoticias.co.mz\/wp-content\/uploads\/2024\/09\/PREMIO-1.jpg 900w, https:\/\/www.snoticias.co.mz\/wp-content\/uploads\/2024\/09\/PREMIO-1-300x234.jpg 300w, https:\/\/www.snoticias.co.mz\/wp-content\/uploads\/2024\/09\/PREMIO-1-768x599.jpg 768w\" sizes=\"(max-width: 800px) 100vw, 800px\" \/>\t\t\t\t\t\t\t\t\t\t\t\t\t\t<\/div>\n\t\t\t\t\t\t<\/div>\n\t\t\t\t<\/div>\n\t\t\t\t\t\t<\/div>\n\t\t\t\t\t<\/div>\n\t\t<\/div>\n\t\t\t\t\t\t\t\t<\/div>\n\t\t\t\t\t<\/div>\n\t\t<\/section>\n\t\t\t\t\t\t<\/div>\n\t\t\t\t\t<\/div>\n\t\t<\/div>\n\t\t\t\t\t\t\t\t<\/div>\n\t\t\t\t\t<\/div>\n\t\t<\/section>\n\t\t\t\t<section class=\"elementor-section elementor-top-section elementor-element elementor-element-5a223a3 elementor-section-boxed elementor-section-height-default elementor-section-height-default\" data-id=\"5a223a3\" data-element_type=\"section\">\n\t\t\t\t\t\t<div class=\"elementor-container elementor-column-gap-default\">\n\t\t\t\t\t\t\t<div class=\"elementor-row\">\n\t\t\t\t\t<div class=\"elementor-column elementor-col-100 elementor-top-column elementor-element elementor-element-5004839\" data-id=\"5004839\" data-element_type=\"column\">\n\t\t\t<div class=\"elementor-column-wrap elementor-element-populated\">\n\t\t\t\t\t\t\t<div class=\"elementor-widget-wrap\">\n\t\t\t\t\t\t<div class=\"elementor-element elementor-element-e115437 elementor-widget elementor-widget-autrics-title\" data-id=\"e115437\" data-element_type=\"widget\" data-widget_type=\"autrics-title.default\">\n\t\t\t\t<div class=\"elementor-widget-container\">\n\t\t\t              <div class=\"title-section-area\">\n\t           <h2 class=\"section-title\">\n                  MELHOR JOGADOR DO MO\u00c7AMBOLA-2023\t\t\t   <\/h2>\n      <\/div><!-- Section title -->\t\t\n       \n      \n    \t\t<\/div>\n\t\t\t\t<\/div>\n\t\t\t\t\t\t<\/div>\n\t\t\t\t\t<\/div>\n\t\t<\/div>\n\t\t\t\t\t\t\t\t<\/div>\n\t\t\t\t\t<\/div>\n\t\t<\/section>\n\t\t\t\t<section class=\"elementor-section elementor-top-section elementor-element elementor-element-653e5c6 elementor-section-boxed elementor-section-height-default elementor-section-height-default\" data-id=\"653e5c6\" data-element_type=\"section\">\n\t\t\t\t\t\t<div class=\"elementor-container elementor-column-gap-default\">\n\t\t\t\t\t\t\t<div class=\"elementor-row\">\n\t\t\t\t\t<div class=\"elementor-column elementor-col-50 elementor-top-column elementor-element elementor-element-745e2aa\" data-id=\"745e2aa\" data-element_type=\"column\">\n\t\t\t<div class=\"elementor-column-wrap elementor-element-populated\">\n\t\t\t\t\t\t\t<div class=\"elementor-widget-wrap\">\n\t\t\t\t\t\t<div class=\"elementor-element elementor-element-5df1c18 elementor-widget elementor-widget-text-editor\" data-id=\"5df1c18\" data-element_type=\"widget\" data-widget_type=\"text-editor.default\">\n\t\t\t\t<div class=\"elementor-widget-container\">\n\t\t\t\t\t\t\t\t<div class=\"elementor-text-editor elementor-clearfix\">\n\t\t\t\t<p>A Sociedade do Not\u00edcias, SA, em parceria com a Liga Mo\u00e7ambicana de Futebol (LMF) e a Motorcare\/Nissan, anunciaram hoje a retoma do \u201cPr\u00e9mio Desafio Melhor Jogador do Mo\u00e7ambola\u201d, iniciativa que distingue o melhor jogador do campeonato com uma viatura Nissan Almera zero quil\u00f3metro.<\/p><p>O acordo foi assinado em Maputo pelos representantes das tr\u00eas institui\u00e7\u00f5es, nomeadamente J\u00falio Manjate, Ananias Couana e Ivan Buzi, respectivamente Presidente do Conselho de Administra\u00e7\u00e3o (PCA) da Sociedade do Not\u00edcias, SA, presidente da LMF e Director-Geral da Motorcare\/Nissan, que destacaram a import\u00e2ncia do pr\u00e9mio para estimular a excel\u00eancia dos atletas durante a 46.\u00aa edi\u00e7\u00e3o do Campeonato Nacional de Futebol da I Divis\u00e3o, com in\u00edcio previsto para 15 de Abril e t\u00e9rmino em 11 de Novembro.<\/p>\t\t\t\t\t<\/div>\n\t\t\t\t\t\t<\/div>\n\t\t\t\t<\/div>\n\t\t\t\t\t\t<\/div>\n\t\t\t\t\t<\/div>\n\t\t<\/div>\n\t\t\t\t<div class=\"elementor-column elementor-col-50 elementor-top-column elementor-element elementor-element-c28133a\" data-id=\"c28133a\" data-element_type=\"column\">\n\t\t\t<div class=\"elementor-column-wrap elementor-element-populated\">\n\t\t\t\t\t\t\t<div class=\"elementor-widget-wrap\">\n\t\t\t\t\t\t<div class=\"elementor-element elementor-element-077d8dc elementor-widget elementor-widget-image\" data-id=\"077d8dc\" data-element_type=\"widget\" data-widget_type=\"image.default\">\n\t\t\t\t<div class=\"elementor-widget-container\">\n\t\t\t\t\t\t\t\t<div class=\"elementor-image\">\n\t\t\t\t\t\t\t\t\t\t\t\t<img loading=\"lazy\" decoding=\"async\" width=\"800\" height=\"534\" src=\"https:\/\/www.snoticias.co.mz\/wp-content\/uploads\/2024\/09\/DSCF0180-scaled-1-1024x683.jpg\" class=\"attachment-large size-large\" alt=\"\" srcset=\"https:\/\/www.snoticias.co.mz\/wp-content\/uploads\/2024\/09\/DSCF0180-scaled-1-1024x683.jpg 1024w, https:\/\/www.snoticias.co.mz\/wp-content\/uploads\/2024\/09\/DSCF0180-scaled-1-300x200.jpg 300w, https:\/\/www.snoticias.co.mz\/wp-content\/uploads\/2024\/09\/DSCF0180-scaled-1-768x512.jpg 768w, https:\/\/www.snoticias.co.mz\/wp-content\/uploads\/2024\/09\/DSCF0180-scaled-1-1536x1024.jpg 1536w, https:\/\/www.snoticias.co.mz\/wp-content\/uploads\/2024\/09\/DSCF0180-scaled-1-2048x1366.jpg 2048w\" sizes=\"(max-width: 800px) 100vw, 800px\" \/>\t\t\t\t\t\t\t\t\t\t\t\t\t\t<\/div>\n\t\t\t\t\t\t<\/div>\n\t\t\t\t<\/div>\n\t\t\t\t\t\t<\/div>\n\t\t\t\t\t<\/div>\n\t\t<\/div>\n\t\t\t\t\t\t\t\t<\/div>\n\t\t\t\t\t<\/div>\n\t\t<\/section>\n\t\t\t\t<section class=\"elementor-section elementor-top-section elementor-element elementor-element-e231055 elementor-section-boxed elementor-section-height-default elementor-section-height-default\" data-id=\"e231055\" data-element_type=\"section\">\n\t\t\t\t\t\t<div class=\"elementor-container elementor-column-gap-default\">\n\t\t\t\t\t\t\t<div class=\"elementor-row\">\n\t\t\t\t\t<div class=\"elementor-column elementor-col-100 elementor-top-column elementor-element elementor-element-f7ddb38\" data-id=\"f7ddb38\" data-element_type=\"column\">\n\t\t\t<div class=\"elementor-column-wrap elementor-element-populated\">\n\t\t\t\t\t\t\t<div class=\"elementor-widget-wrap\">\n\t\t\t\t\t\t<div class=\"elementor-element elementor-element-47a0add elementor-widget elementor-widget-autrics-title\" data-id=\"47a0add\" data-element_type=\"widget\" data-widget_type=\"autrics-title.default\">\n\t\t\t\t<div class=\"elementor-widget-container\">\n\t\t\t              <div class=\"title-section-area\">\n\t           <h2 class=\"section-title\">\n                  Como votar no melhor jogador?\t\t\t   <\/h2>\n      <\/div><!-- Section title -->\t\t\n       \n      \n    \t\t<\/div>\n\t\t\t\t<\/div>\n\t\t\t\t<div class=\"elementor-element elementor-element-31c9575 elementor-widget elementor-widget-text-editor\" data-id=\"31c9575\" data-element_type=\"widget\" data-widget_type=\"text-editor.default\">\n\t\t\t\t<div class=\"elementor-widget-container\">\n\t\t\t\t\t\t\t\t<div class=\"elementor-text-editor elementor-clearfix\">\n\t\t\t\t<p style=\"text-align: center;\">A VOTA\u00c7\u00c3O para o \u201cPr\u00e9mio Desafio Melhor Jogador do Mo\u00e7ambola\u201d j\u00e1 iniciou e o leitor pode votar a partir do seu telem\u00f3vel em qualquer das tr\u00eas operadoras que operam no pa\u00eds, nomeadamente Tmcel, Vodacom e Movitel\u2026<\/p>\t\t\t\t\t<\/div>\n\t\t\t\t\t\t<\/div>\n\t\t\t\t<\/div>\n\t\t\t\t<div class=\"elementor-element elementor-element-0106739 elementor-align-center elementor-widget elementor-widget-button\" data-id=\"0106739\" data-element_type=\"widget\" data-widget_type=\"button.default\">\n\t\t\t\t<div class=\"elementor-widget-container\">\n\t\t\t\t\t<div class=\"elementor-button-wrapper\">\n\t\t\t<a href=\"https:\/\/jornaldesafio.co.mz\/como-votar-para-o-premio-desafio\/\" target=\"_blank\" class=\"elementor-button-link elementor-button elementor-size-sm\" role=\"button\">\n\t\t\t\t\t\t<span class=\"elementor-button-content-wrapper\">\n\t\t\t\t\t\t<span class=\"elementor-button-icon elementor-align-icon-left\">\n\t\t\t\t<i aria-hidden=\"true\" class=\"fas fa-download\"><\/i>\t\t\t<\/span>\n\t\t\t\t\t\t<span class=\"elementor-button-text\">c\u00f3digos para vota\u00e7\u00e3o<\/span>\n\t\t<\/span>\n\t\t\t\t\t<\/a>\n\t\t<\/div>\n\t\t\t\t<\/div>\n\t\t\t\t<\/div>\n\t\t\t\t\t\t<\/div>\n\t\t\t\t\t<\/div>\n\t\t<\/div>\n\t\t\t\t\t\t\t\t<\/div>\n\t\t\t\t\t<\/div>\n\t\t<\/section>\n\t\t\t\t<section class=\"elementor-section elementor-top-section elementor-element elementor-element-76e73a0 elementor-section-boxed elementor-section-height-default elementor-section-height-default\" data-id=\"76e73a0\" data-element_type=\"section\">\n\t\t\t\t\t\t<div class=\"elementor-container elementor-column-gap-default\">\n\t\t\t\t\t\t\t<div class=\"elementor-row\">\n\t\t\t\t\t<div class=\"elementor-column elementor-col-100 elementor-top-column elementor-element elementor-element-9470e43\" data-id=\"9470e43\" data-element_type=\"column\">\n\t\t\t<div class=\"elementor-column-wrap elementor-element-populated\">\n\t\t\t\t\t\t\t<div class=\"elementor-widget-wrap\">\n\t\t\t\t\t\t<div class=\"elementor-element elementor-element-3102472 elementor-widget elementor-widget-image-gallery\" data-id=\"3102472\" data-element_type=\"widget\" data-widget_type=\"image-gallery.default\">\n\t\t\t\t<div class=\"elementor-widget-container\">\n\t\t\t\t\t<div class=\"elementor-image-gallery\">\n\t\t\t<div id='gallery-1' class='gallery galleryid-3303 gallery-columns-3 gallery-size-post-thumbnail'><figure class='gallery-item'>\n\t\t\t<div class='gallery-icon landscape'>\n\t\t\t\t<a data-elementor-open-lightbox=\"yes\" data-elementor-lightbox-slideshow=\"3102472\" data-elementor-lightbox-title=\"DSCF0109\" href='https:\/\/www.snoticias.co.mz\/wp-content\/uploads\/2024\/09\/DSCF0109-scaled.jpg'><img loading=\"lazy\" decoding=\"async\" width=\"750\" height=\"465\" src=\"https:\/\/www.snoticias.co.mz\/wp-content\/uploads\/2024\/09\/DSCF0109-750x465.jpg\" class=\"attachment-post-thumbnail size-post-thumbnail\" alt=\"\" \/><\/a>\n\t\t\t<\/div><\/figure><figure class='gallery-item'>\n\t\t\t<div class='gallery-icon landscape'>\n\t\t\t\t<a data-elementor-open-lightbox=\"yes\" data-elementor-lightbox-slideshow=\"3102472\" data-elementor-lightbox-title=\"DSCF0157\" href='https:\/\/www.snoticias.co.mz\/wp-content\/uploads\/2024\/09\/DSCF0157-scaled.jpg'><img loading=\"lazy\" decoding=\"async\" width=\"750\" height=\"465\" src=\"https:\/\/www.snoticias.co.mz\/wp-content\/uploads\/2024\/09\/DSCF0157-750x465.jpg\" class=\"attachment-post-thumbnail size-post-thumbnail\" alt=\"\" \/><\/a>\n\t\t\t<\/div><\/figure><figure class='gallery-item'>\n\t\t\t<div class='gallery-icon landscape'>\n\t\t\t\t<a data-elementor-open-lightbox=\"yes\" data-elementor-lightbox-slideshow=\"3102472\" data-elementor-lightbox-title=\"DSCF0180-scaled\" href='https:\/\/www.snoticias.co.mz\/wp-content\/uploads\/2024\/09\/DSCF0180-scaled-2.jpg'><img loading=\"lazy\" decoding=\"async\" width=\"750\" height=\"465\" src=\"https:\/\/www.snoticias.co.mz\/wp-content\/uploads\/2024\/09\/DSCF0180-scaled-2-750x465.jpg\" class=\"attachment-post-thumbnail size-post-thumbnail\" alt=\"\" \/><\/a>\n\t\t\t<\/div><\/figure><figure class='gallery-item'>\n\t\t\t<div class='gallery-icon landscape'>\n\t\t\t\t<a data-elementor-open-lightbox=\"yes\" data-elementor-lightbox-slideshow=\"3102472\" data-elementor-lightbox-title=\"DSCF0223\" href='https:\/\/www.snoticias.co.mz\/wp-content\/uploads\/2024\/09\/DSCF0223-scaled.jpg'><img loading=\"lazy\" decoding=\"async\" width=\"750\" height=\"465\" src=\"https:\/\/www.snoticias.co.mz\/wp-content\/uploads\/2024\/09\/DSCF0223-750x465.jpg\" class=\"attachment-post-thumbnail size-post-thumbnail\" alt=\"\" \/><\/a>\n\t\t\t<\/div><\/figure><figure class='gallery-item'>\n\t\t\t<div class='gallery-icon landscape'>\n\t\t\t\t<a data-elementor-open-lightbox=\"yes\" data-elementor-lightbox-slideshow=\"3102472\" data-elementor-lightbox-title=\"DSCF0232\" href='https:\/\/www.snoticias.co.mz\/wp-content\/uploads\/2024\/09\/DSCF0232-scaled.jpg'><img loading=\"lazy\" decoding=\"async\" width=\"750\" height=\"465\" src=\"https:\/\/www.snoticias.co.mz\/wp-content\/uploads\/2024\/09\/DSCF0232-750x465.jpg\" class=\"attachment-post-thumbnail size-post-thumbnail\" alt=\"\" \/><\/a>\n\t\t\t<\/div><\/figure><figure class='gallery-item'>\n\t\t\t<div class='gallery-icon landscape'>\n\t\t\t\t<a data-elementor-open-lightbox=\"yes\" data-elementor-lightbox-slideshow=\"3102472\" data-elementor-lightbox-title=\"DSCF0244\" href='https:\/\/www.snoticias.co.mz\/wp-content\/uploads\/2024\/09\/DSCF0244-scaled.jpg'><img loading=\"lazy\" decoding=\"async\" width=\"750\" height=\"465\" src=\"https:\/\/www.snoticias.co.mz\/wp-content\/uploads\/2024\/09\/DSCF0244-750x465.jpg\" class=\"attachment-post-thumbnail size-post-thumbnail\" alt=\"\" \/><\/a>\n\t\t\t<\/div><\/figure>\n\t\t<\/div>\n\t\t<\/div>\n\t\t\t\t<\/div>\n\t\t\t\t<\/div>\n\t\t\t\t\t\t<\/div>\n\t\t\t\t\t<\/div>\n\t\t<\/div>\n\t\t\t\t\t\t\t\t<\/div>\n\t\t\t\t\t<\/div>\n\t\t<\/section>\n\t\t\t\t\t\t<\/div>\n\t\t\t\t\t\t<\/div>\n\t\t\t\t\t<\/div>\n\t\t","protected":false},"excerpt":{"rendered":"<p>MELHOR JOGADOR DO MO\u00c7AMBOLA-2023 A Sociedade do Not\u00edcias, SA, em parceria com a Liga Mo\u00e7ambicana de Futebol (LMF) e a Motorcare\/Nissan, anunciaram hoje a retoma do \u201cPr\u00e9mio Desafio Melhor Jogador do Mo\u00e7ambola\u201d, iniciativa que distingue o melhor jogador do campeonato com uma viatura Nissan Almera zero quil\u00f3metro. O acordo foi assinado em Maputo pelos representantes [&hellip;]<\/p>\n","protected":false},"author":1,"featured_media":0,"parent":0,"menu_order":0,"comment_status":"closed","ping_status":"closed","template":"template\/full-width-template.php","meta":{"footnotes":""},"class_list":["post-3303","page","type-page","status-publish","hentry"],"_links":{"self":[{"href":"https:\/\/www.snoticias.co.mz\/index.php?rest_route=\/wp\/v2\/pages\/3303"}],"collection":[{"href":"https:\/\/www.snoticias.co.mz\/index.php?rest_route=\/wp\/v2\/pages"}],"about":[{"href":"https:\/\/www.snoticias.co.mz\/index.php?rest_route=\/wp\/v2\/types\/page"}],"author":[{"embeddable":true,"href":"https:\/\/www.snoticias.co.mz\/index.php?rest_route=\/wp\/v2\/users\/1"}],"replies":[{"embeddable":true,"href":"https:\/\/www.snoticias.co.mz\/index.php?rest_route=%2Fwp%2Fv2%2Fcomments&post=3303"}],"version-history":[{"count":23,"href":"https:\/\/www.snoticias.co.mz\/index.php?rest_route=\/wp\/v2\/pages\/3303\/revisions"}],"predecessor-version":[{"id":3481,"href":"https:\/\/www.snoticias.co.mz\/index.php?rest_route=\/wp\/v2\/pages\/3303\/revisions\/3481"}],"wp:attachment":[{"href":"https:\/\/www.snoticias.co.mz\/index.php?rest_route=%2Fwp%2Fv2%2Fmedia&parent=3303"}],"curies":[{"name":"wp","href":"https:\/\/api.w.org\/{rel}","templated":true}]}}