{"id":2,"date":"2019-01-11T05:15:46","date_gmt":"2019-01-11T05:15:46","guid":{"rendered":"http:\/\/localhost\/panel\/xpeedstudio\/wp\/automobil\/?page_id=2"},"modified":"2025-04-09T15:55:34","modified_gmt":"2025-04-09T15:55:34","slug":"sample-page","status":"publish","type":"page","link":"https:\/\/www.snoticias.co.mz\/?page_id=2","title":{"rendered":"Quem somos"},"content":{"rendered":"\t\t<div data-elementor-type=\"wp-post\" data-elementor-id=\"2\" class=\"elementor elementor-2\" data-elementor-settings=\"[]\">\n\t\t\t\t\t\t<div class=\"elementor-inner\">\n\t\t\t\t\t\t\t<div class=\"elementor-section-wrap\">\n\t\t\t\t\t\t\t<section class=\"elementor-section elementor-top-section elementor-element elementor-element-9926ebe elementor-section-boxed elementor-section-height-default elementor-section-height-default\" data-id=\"9926ebe\" data-element_type=\"section\">\n\t\t\t\t\t\t<div class=\"elementor-container elementor-column-gap-default\">\n\t\t\t\t\t\t\t<div class=\"elementor-row\">\n\t\t\t\t\t<div class=\"elementor-column elementor-col-100 elementor-top-column elementor-element elementor-element-d40f3c8\" data-id=\"d40f3c8\" data-element_type=\"column\">\n\t\t\t<div class=\"elementor-column-wrap elementor-element-populated\">\n\t\t\t\t\t\t\t<div class=\"elementor-widget-wrap\">\n\t\t\t\t\t\t<div class=\"elementor-element elementor-element-bbc5f6f elementor-widget elementor-widget-text-editor\" data-id=\"bbc5f6f\" data-element_type=\"widget\" data-widget_type=\"text-editor.default\">\n\t\t\t\t<div class=\"elementor-widget-container\">\n\t\t\t\t\t\t\t\t<div class=\"elementor-text-editor elementor-clearfix\">\n\t\t\t\t<p class=\"has-text-align-center\">Informar com qualidade para elevar a consci\u00eancia de cidadania<\/p><h2 class=\"has-text-align-center\">\u00a0Valores<\/h2><p class=\"has-text-align-center\"><strong>LIBERDADE E IGUALDADE<\/strong> \u2013 A SN respeita a liberdade em todas as suas formas e op\u00f5e-se a qualquer tipo de preconceito social, racial, religioso ou pol\u00edtico. A SN considera a liberdade de informa\u00e7\u00e3o uma conquista das sociedades modernas e exerce-a com objectividade e \u00e9tica.<\/p><p class=\"has-text-align-center\"><strong>DESENVOLVIMENTO PESSOAL E PROFISSIONAL<\/strong> \u2013 A SN busca permanentemente a satisfa\u00e7\u00e3o pessoal e o desenvolvimento profissional dos seus colaboradores e considera-os parceiros no seu projecto empresarial.<\/p><p class=\"has-text-align-center\"><strong>SATISFA\u00c7\u00c3O DO CLIENTE<\/strong> \u2013 A SN considera fundamental proporcionar aos seus clientes a certeza de que o benef\u00edcio oferecido \u00e9 superior ao de outras op\u00e7\u00f5es de mercado. A responsabilidade maior da SN \u00e9 para com os leitores e demais usu\u00e1rios dos seus produtos e servi\u00e7os. \u00c9 para eles que busca o constante aprimoramento de tudo o que faz.<\/p><p class=\"has-text-align-center\"><strong>RESPONSABILIDADE SOCIAL<\/strong> \u2013 A SN assume-se como empresa por meio de uma gest\u00e3o \u00e9tica e socialmente respons\u00e1vel, com uma rela\u00e7\u00e3o transparente e solid\u00e1ria com todos os p\u00fablicos e com metas compat\u00edveis com o desenvolvimento sustent\u00e1vel da sociedade, respeitando a diversidade e promovendo a redu\u00e7\u00e3o das desigualdades sociais. Este valor caracteriza as rela\u00e7\u00f5es da empresa com os seus accionistas, colaboradores, leitores, clientes, fornecedores, poderes p\u00fablicos e a comunidade.<\/p><h2 class=\"has-text-align-center\">Vis\u00e3o<\/h2><p class=\"has-text-align-center\">Ser refer\u00eancia de excel\u00eancia e abrang\u00eancia na comunica\u00e7\u00e3o social<\/p>\t\t\t\t\t<\/div>\n\t\t\t\t\t\t<\/div>\n\t\t\t\t<\/div>\n\t\t\t\t\t\t<\/div>\n\t\t\t\t\t<\/div>\n\t\t<\/div>\n\t\t\t\t\t\t\t\t<\/div>\n\t\t\t\t\t<\/div>\n\t\t<\/section>\n\t\t\t\t<section class=\"elementor-section elementor-top-section elementor-element elementor-element-1a13ed8 elementor-section-boxed elementor-section-height-default elementor-section-height-default\" data-id=\"1a13ed8\" data-element_type=\"section\">\n\t\t\t\t\t\t<div class=\"elementor-container elementor-column-gap-default\">\n\t\t\t\t\t\t\t<div class=\"elementor-row\">\n\t\t\t\t\t<div class=\"elementor-column elementor-col-100 elementor-top-column elementor-element elementor-element-3379729\" data-id=\"3379729\" data-element_type=\"column\">\n\t\t\t<div class=\"elementor-column-wrap elementor-element-populated\">\n\t\t\t\t\t\t\t<div class=\"elementor-widget-wrap\">\n\t\t\t\t\t\t<div class=\"elementor-element elementor-element-dc5f05c elementor-widget elementor-widget-heading\" data-id=\"dc5f05c\" data-element_type=\"widget\" data-widget_type=\"heading.default\">\n\t\t\t\t<div class=\"elementor-widget-container\">\n\t\t\t<h2 class=\"elementor-heading-title elementor-size-default\">Mensagem do Presidente do Conselho de Administra\u00e7\u00e3o<\/h2>\t\t<\/div>\n\t\t\t\t<\/div>\n\t\t\t\t\t\t<\/div>\n\t\t\t\t\t<\/div>\n\t\t<\/div>\n\t\t\t\t\t\t\t\t<\/div>\n\t\t\t\t\t<\/div>\n\t\t<\/section>\n\t\t\t\t<section class=\"elementor-section elementor-top-section elementor-element elementor-element-7770828 elementor-section-boxed elementor-section-height-default elementor-section-height-default\" data-id=\"7770828\" data-element_type=\"section\">\n\t\t\t\t\t\t<div class=\"elementor-container elementor-column-gap-default\">\n\t\t\t\t\t\t\t<div class=\"elementor-row\">\n\t\t\t\t\t<div class=\"elementor-column elementor-col-100 elementor-top-column elementor-element elementor-element-bcc231b\" data-id=\"bcc231b\" data-element_type=\"column\">\n\t\t\t<div class=\"elementor-column-wrap elementor-element-populated\">\n\t\t\t\t\t\t\t<div class=\"elementor-widget-wrap\">\n\t\t\t\t\t\t<div class=\"elementor-element elementor-element-8b7e8f2 elementor-widget elementor-widget-image\" data-id=\"8b7e8f2\" data-element_type=\"widget\" data-widget_type=\"image.default\">\n\t\t\t\t<div class=\"elementor-widget-container\">\n\t\t\t\t\t\t\t\t<div class=\"elementor-image\">\n\t\t\t\t\t\t\t\t\t\t\t\t<img loading=\"lazy\" decoding=\"async\" width=\"720\" height=\"1024\" src=\"https:\/\/www.snoticias.co.mz\/wp-content\/uploads\/2024\/07\/mssg-720x1024-1.png\" class=\"attachment-large size-large\" alt=\"\" \/>\t\t\t\t\t\t\t\t\t\t\t\t\t\t<\/div>\n\t\t\t\t\t\t<\/div>\n\t\t\t\t<\/div>\n\t\t\t\t\t\t<\/div>\n\t\t\t\t\t<\/div>\n\t\t<\/div>\n\t\t\t\t\t\t\t\t<\/div>\n\t\t\t\t\t<\/div>\n\t\t<\/section>\n\t\t\t\t\t\t<\/div>\n\t\t\t\t\t\t<\/div>\n\t\t\t\t\t<\/div>\n\t\t","protected":false},"excerpt":{"rendered":"<p>Informar com qualidade para elevar a consci\u00eancia de cidadania \u00a0Valores LIBERDADE E IGUALDADE \u2013 A SN respeita a liberdade em todas as suas formas e op\u00f5e-se a qualquer tipo de preconceito social, racial, religioso ou pol\u00edtico. A SN considera a liberdade de informa\u00e7\u00e3o uma conquista das sociedades modernas e exerce-a com objectividade e \u00e9tica. DESENVOLVIMENTO [&hellip;]<\/p>\n","protected":false},"author":1,"featured_media":0,"parent":0,"menu_order":0,"comment_status":"closed","ping_status":"open","template":"","meta":{"footnotes":""},"class_list":["post-2","page","type-page","status-publish","hentry"],"_links":{"self":[{"href":"https:\/\/www.snoticias.co.mz\/index.php?rest_route=\/wp\/v2\/pages\/2"}],"collection":[{"href":"https:\/\/www.snoticias.co.mz\/index.php?rest_route=\/wp\/v2\/pages"}],"about":[{"href":"https:\/\/www.snoticias.co.mz\/index.php?rest_route=\/wp\/v2\/types\/page"}],"author":[{"embeddable":true,"href":"https:\/\/www.snoticias.co.mz\/index.php?rest_route=\/wp\/v2\/users\/1"}],"replies":[{"embeddable":true,"href":"https:\/\/www.snoticias.co.mz\/index.php?rest_route=%2Fwp%2Fv2%2Fcomments&post=2"}],"version-history":[{"count":14,"href":"https:\/\/www.snoticias.co.mz\/index.php?rest_route=\/wp\/v2\/pages\/2\/revisions"}],"predecessor-version":[{"id":3458,"href":"https:\/\/www.snoticias.co.mz\/index.php?rest_route=\/wp\/v2\/pages\/2\/revisions\/3458"}],"wp:attachment":[{"href":"https:\/\/www.snoticias.co.mz\/index.php?rest_route=%2Fwp%2Fv2%2Fmedia&parent=2"}],"curies":[{"name":"wp","href":"https:\/\/api.w.org\/{rel}","templated":true}]}}